e tens digit of 17186/8 - (-329)/188?
5
Let w = 65 + -119. What is the tens digit of (-6)/36*-6 - (w - -1)?
5
What is the hundreds digit of (-21 - 1)*150/(-20)?
1
Let r be 9/(-72) + 25/8. Suppose r*y = -y + 8. Suppose -65 = -2*o - 5*m + 19, -2*m = -y*o + 84. What is the tens digit of o?
4
Let x(y) = -2*y**2 + 84*y - 39. What is the hundreds digit of x(14)?
7
Suppose -14 = -2*o - 4*u, o - 2 = -u + 4. Suppose i + 2*v + 11 = o*v, 4*i + 5*v = 41. What is the units digit of i?
4
Suppose 2*d + 5*s - 10 = -3*d, -2*d = -4*s + 14. What is the tens digit of (d - 15/(-3)) + 11?
1
Let w = 360 - 252. Suppose -3*o - o + w = 0. What is the units digit of o?
7
Let b(l) = l**3 - 4*l**2 + 4*l - 4. Let o be b(3). Let t be (-1 - 1)/(o/2). Suppose -24 - 56 = -t*p. What is the tens digit of p?
2
Suppose -2*i = 4*u - 3146, i + 13*u - 10*u - 1568 = 0. What is the tens digit of i?
8
Suppose 40 = -3*f - 2*f. What is the units digit of (-289)/f - (-1)/(-8)?
6
Let l(k) = -k**3 - 3*k**2 + 2*k + 1. Let g(w) = -w**3 + 2*w**2 + 1. Let f(h) = -g(h) - l(h). What is the hundreds digit of f(4)?
1
Let u(t) = t + 20. Let d be u(-15). Suppose -l = -5*k - 0*k - 26, -5*k = d*l + 20. What is the units digit of l?
1
Suppose -81*b = -79*b. Suppose b = -39*x + 36*x + 684. What is the hundreds digit of x?
2
Let h(u) = -u**2 - 5*u - 3. Let q be h(-3). Suppose 0 = -w, 147 = q*a - w - w. What is the tens digit of a?
4
Let j = -1092 + 1567. Suppose k + j = 6*k. Suppose -3*u + k = 14. What is the units digit of u?
7
Let a be (((-18)/7)/(-3))/((-24)/(-112)). Suppose -6 - 2 = -a*c, -5*n + 675 = 5*c. What is the units digit of n?
3
Let r = -1170 - -1665. What is the hundreds digit of r?
4
Suppose -4*y = 3*n - 1556 - 6155, y + 3*n - 1921 = 0. What is the thousands digit of y?
1
Suppose 4*r = 1867 + 441. What is the units digit of r?
7
Suppose -7 = -2*c + 5. Suppose 6 = c*l - 3*l. Suppose l*w + 20 = 2*b, 0 = b + 2*w + 5. What is the units digit of b?
5
Let t(l) = 5*l**2 + 16*l + 11. Let p(m) = -6*m**2 - 17*m - 11. Let q(a) = 3*p(a) + 4*t(a). What is the units digit of q(-10)?
1
Let b be 5*(-1)/(-3)*3. Let f(h) = 9*h - 9. Let j be f(b). What is the units digit of (-8)/j + 1340/36?
7
Suppose 540*l - 537*l - 3675 = 0. What is the thousands digit of l?
1
Let p be (-28)/(-294) - (-920)/42. Let s(l) = -l**3 - 3*l**2 + 3. Let z be s(-4). Let m = p + z. What is the units digit of m?
1
Let l(n) = -n**3 + 2*n**2 + n + 615. What is the hundreds digit of l(0)?
6
Let r(o) = 3*o**2 + 3*o + 2. Let j(z) be the second derivative of -z**4/12 + 4*z**3/3 - 9*z**2/2 + 2*z. Let t be j(6). What is the units digit of r(t)?
8
Let b(i) = i**2 - 5*i + 9. Let r be b(6). Suppose 0 = l + 7 - r. Suppose -9*v + l*v + 60 = 0. What is the tens digit of v?
6
Suppose -4584 = -2*q + 2*s + 1334, 7*q = 2*s + 20688. What is the hundreds digit of q?
9
Let l(i) = -i**2 - i + 8. Let a be l(4). Let j be (-2)/(3/(a/8)). What is the units digit of 41/8 + j/(-8)?
5
Let n(x) be the second derivative of x**4/12 + x**3/6 + 8*x**2 - 6*x. What is the tens digit of n(0)?
1
What is the hundreds digit of (-18655)/(-20) + 11 + (-1)/(-4)?
9
Suppose -4*b + 37 - 985 = -3*w, -2*w - 3*b = -615. What is the hundreds digit of w?
3
Let p = -12 - -12. Suppose p = 21*q - 24*q - 3. What is the units digit of q/2 - (-234)/12?
9
Let z(w) = 4*w - 23. Let y be z(7). Suppose 0*f - 349 = -y*f + 2*c, 2*f - 2*c = 142. What is the units digit of f?
9
Let k(m) = -m**2 + 101*m + 244. What is the thousands digit of k(43)?
2
Let d(p) be the first derivative of 6*p**3 - 11*p + 31. What is the units digit of d(-3)?
1
Let u(l) be the first derivative of l**3/3 - 6*l**2 - 8*l - 3. What is the units digit of u(14)?
0
Suppose 6*q - 3*q + 5*p = 85, 20 = 4*p. Suppose -85 + q = -5*n. Let v = 16 + n. What is the tens digit of v?
2
Suppose -5*w = -5233 - 4922. What is the hundreds digit of w?
0
Let p(m) = -2*m - 31. Let f be p(-13). Let k(a) = -20*a - 17. What is the units digit of k(f)?
3
Let b(f) = -f**2 + f + 1. Let h be b(-1). Let x be 0 + h + 22 + 0. Suppose 4*d + x - 61 = 0. What is the tens digit of d?
1
Let u = -26 + 20. Let b(h) = h**3 + 6*h**2 - 3*h + 1. What is the units digit of b(u)?
9
Let f(h) = 125*h**2 + 2*h - 1. Let k be f(1). Suppose -3*w + 6*w = k. Suppose -4*r + 88 = 5*p, 50 + w = 4*p - 4*r. What is the tens digit of p?
2
Let p = 125 - 126. Let v(r) = -189*r - 1. What is the tens digit of v(p)?
8
Let b(x) = -x**2 - 3*x + 5. Let s be b(-6). What is the units digit of -12 - s - (-34)/2?
8
Let s(b) = 19*b - 2. Let t be ((-8)/20)/(1/5). Let q(j) = -j**3 - j**2 + 2*j + 1. Let c be q(t). What is the units digit of s(c)?
7
Let k(b) = 42*b - 4. Let o be k(4). Let d be (o/(-16) - 0)*-8. Suppose d = 5*f - 188. What is the units digit of f?
4
Suppose -5*j + 0*h + 4*h + 39 = 0, 3 = -3*h. Let c be 4/j*(-28)/(-8). Suppose -c*f = 2*f - 28. What is the units digit of f?
7
Let z = 249 - -118. What is the tens digit of z?
6
Suppose -o - 4*o - 20 = 0. Suppose 5*u = 11 + 19. Let h = u + o. What is the units digit of h?
2
Let y(w) = w**2 - 18*w - 23. Let q be y(19). Let z(h) = -6*h - 18. What is the units digit of z(q)?
6
Let q be 18/(-27)*(-3)/(-4)*-10. Let x be (0 + 1)*4/2. Suppose -q*t = 2*l + x*l - 35, -25 = 5*l. What is the tens digit of t?
1
Let f(s) = 3*s**2 - 11*s + 60. What is the units digit of f(21)?
2
Let l(b) = b - 6. Let d be l(12). Let y(g) = g**3 - 4*g**2 - 10*g + 1. What is the tens digit of y(d)?
1
Suppose -39*g + 118487 = 8*g. What is the hundreds digit of g?
5
Suppose 11565 - 4437 = 6*j. What is the tens digit of j?
8
Let p(t) = t**2 + 8*t - 17. Let a be p(-10). Let j = a - -1. Suppose 0 = j*b - 4*c - 204, -3*b + 178 = 3*c + 43. What is the tens digit of b?
4
Suppose -2004 = -4*i + g + 4*g, 4*g + 16 = 0. What is the units digit of i?
6
Suppose -o - o - k = 22, 3*o + 2*k + 34 = 0. Let t be (33/(-55))/((-2)/o). Let z(c) = -8*c - 3. What is the units digit of z(t)?
1
Let m(x) = x**2 - 21*x - 2 - 5 + 6. What is the tens digit of m(22)?
2
Let y = -74 - -274. What is the hundreds digit of y?
2
Suppose 0 = -2*k - 4*i + 4, 0 = -5*k + i + 4*i + 25. Suppose -5*g = k*x - 297, -4*x - 2*g + 0*g = -282. What is the tens digit of x?
6
Let z be ((-5)/(2/(-2)))/1. Suppose -j - 3*j = -z*v - 501, 0 = j - 3*v - 120. What is the tens digit of j?
2
Let b(r) = 128*r**2 - 10*r + 51. What is the hundreds digit of b(3)?
1
Let q(r) be the third derivative of r**6/120 + 11*r**5/30 - r**4/8 - r**3/6 - 21*r**2. What is the tens digit of q(-22)?
6
Suppose 0 = 25*p - 18*p - 28. Let y = 14 + 66. Suppose -2*j - y = -p*j. What is the tens digit of j?
4
Let d = 279 - 174. Let q = d - 22. What is the tens digit of q?
8
Suppose -11 + 1 = 5*z, 0 = -5*k + z + 7997. What is the hundreds digit of k?
5
Let w(b) = 8 - b + 3 + 4. Let k be w(13). Suppose 0*n = k*n - 14. What is the units digit of n?
7
Suppose 2 = b, -5*b + b + 48 = 5*t. Suppose -g + 2 = -o, 4*g - t = 12. Suppose -o*f = 7 - 94. What is the tens digit of f?
2
What is the units digit of (-2 - (-8765)/45) + 6/27?
3
Suppose -c + 3306 = 5*c. What is the units digit of c?
1
Let x be (-1 + -1)/(8/(-20)). Suppose 0 = i - 4*n + 21, -23 = -3*i - x*n - 1. Let u(h) = 3*h**2 + 3*h + 2. What is the units digit of u(i)?
2
Let j be ((-3)/(-6))/(4/8). Let m = 9 - j. What is the units digit of m?
8
Let r = 423 + -280. Suppose -v - 3*w = -55, -3*v + 2*w + 0*w = -r. What is the tens digit of v?
4
Suppose 5*s - 101 - 1574 = 0. Suppose -s = -5*l + 5*t, 8*l - 244 = 4*l - 2*t. What is the units digit of l?
3
Suppose 0 = 4*f - 2*f - 3*r + 10, -25 = 5*f + 5*r. Let k = f - -10. Suppose -k*g - o + 50 = -2*g, -g = 3*o - 30. What is the tens digit of g?
1
Let i(g) = -g - 1. Let x(k) = 145*k**3 + 7*k + 2. Let p(w) = 4*i(w) + x(w). What is the units digit of p(1)?
6
Suppose c = -3*c + 12. Suppose -c*l = -5*t + 53, -3*t = -18 + 6. What is the units digit of -1 - l - (-10 + 9)?
1
Suppose -62 = -5*v - 77, -5*d + 5*v + 6400 = 0. What is the units digit of d?
7
Suppose -5*y - 5*v + 3515 = 0, -10*y + 12*y = -3*v + 1401. What is the tens digit of y?
0
Let s(k) be the third derivative of k**5/15 + k**3/6 - 11*k**2. What is the units digit of s(-2)?
7
Let k(p) = p + 2. Let f be k(9). Suppose c - 10 = -g, -g - f = -6*c + 4*c. Suppose 0 = -c*o + 3*o + 12. What is the units digit of o?
